x). Suppose 0 = w*i - 4*i + 46. Is i a composite number?
False
Let f(k) = -k**2 - 3*k + 2. Let r be f(-3). Let u be ((-4)/6)/(r/(-213)). Let m = u + -45. Is m a prime number?
False
Let l(i) = 10*i**2 - 2*i + 1. Suppose t = 1 + 1. Is l(t) a prime number?
True
Suppose 234 = -3*q + q. Let y = 176 - q. Is y prime?
True
Let o be -2*14/(-16)*-8. Let v be (-4)/(-14) - (-4)/o. Suppose v = -5*f + s + 273, 0*f - 3*f + 161 = -2*s. Is f composite?
True
Let s = -291 + 494. Is s a prime number?
False
Let g(j) = j**2 - j - 3. Suppose 2*r + 5*y = 19, 5*r - y = -0*y - 20. Is g(r) a prime number?
False
Let x be (-2)/16 + 1309/(-88). Suppose p + y + 41 = -4*p, 3*p + 2*y = -26. Let d = p - x. Is d composite?
False
Suppose 0 = -5*s + u + 1044 - 89, 4*u - 382 = -2*s. Is s prime?
True
Suppose -y - 5 = t, -y - 5 = 3*t - 0*y. Suppose t = -l + g - 5*g + 37, 0 = -2*g + 8. Is l/2 - 3/(-6) prime?
True
Let j be (-4)/(-12) - 8/(-3). Is (0 + -2 + 21)*j a composite number?
True
Let f(p) = -2*p**2 - 7*p + 0 + p**2 + 2 + 8*p. Let w be f(0). Let s = 5 - w. Is s composite?
False
Suppose -4*n = n + 950. Let u = n - -269. Is u prime?
True
Let n = -22 + 31. Suppose 0 = 3*j + s - 0*s - 47, -4*s = -2*j + 36. Let w = j - n. Is w a composite number?
False
Let j be (3 - (-3)/(-3)) + -181. Is (-8)/(-4)*j/(-2) composite?
False
Suppose -2*h + 2 = -30. Suppose 4*w = h + 44. Suppose w = -3*o + 42. Is o composite?
True
Suppose 2*l = -2*l - 24. Let t = l + 10. Suppose -k - 3*k - t*q = -152, 0 = q. Is k a composite number?
True
Let c(a) = 28*a - 6. Is c(4) composite?
True
Suppose 3*o = 22 + 5. Is 3/o + 104/3 composite?
True
Let l = 24 - 42. Let p be (-2)/((8/l)/2). Is 141/2 - p/6 a composite number?
True
Suppose 0*n + 2414 = 2*n. Is n composite?
True
Suppose -q - 66 = -4*q. Let h = -19 - q. Let i = h + 78. Is i a prime number?
True
Is ((-764)/(-8))/((-1)/(-2)) composite?
False
Suppose -2*s + 4*x = 6*x - 2270, 2*x = -4*s + 4544. Is s composite?
True
Let l = 10 - -6. Suppose 0*p + 8 = 2*o - p, 2*o = 3*p + l. Suppose o*r + 5*q = 114, 94 = 4*r + q - 98. Is r prime?
True
Let l(r) be the second derivative of r**7/420 - r**5/40 - r**4/8 - r**3/3 + r. Let m(g) be the second derivative of l(g). Is m(4) a composite number?
False
Let k be 4/6 - (-14)/6. Suppose -s = n - 5 + 71, 0 = -k*s + 5*n - 174. Let r = s - -157. Is r prime?
False
Let z(b) = 7 + 3*b**2 - 1 - 2*b + 5*b + 1. Is z(-7) a prime number?
False
Let u = -6 + 10. Let o be (u/(-6))/(10/(-315)). Suppose 0*v - v = -o. Is v a composite number?
True
Suppose -3*i + 2128 = -1559. Is i a prime number?
True
Let h(p) = -3*p - 9. Let n be h(-4). Suppose -5*k + 196 = 3*u, 0 = -3*u - n*k + 237 - 39. Is u composite?
False
Suppose -15 = 3*t - 5*y, 2*t - 2*y = -t - 6. Suppose -s = 2*v - 6*v + 742, t = 4*v - 4*s - 748. Is v prime?
False
Let r(l) = -20*l - 3. Let z = -10 - -6. Is r(z) a composite number?
True
Suppose o - 3*x + 18 = 910, 3*x + 3523 = 4*o. Is o a composite number?
False
Let w = -10 + 27. Let k be 1/(-2) + w/(-2). Is (318/k)/((-2)/3) composite?
False
Let m(z) = -z**3 + 7*z**2 - 7*z + 10. Let i be m(6). Let o(x) = 9*x**2 - 5*x - 1. Is o(i) prime?
False
Suppose -4*c + m + 4 = -c, 0 = c + 3*m + 2. Let w be (1/(1 - 0))/c. Is (91 - w) + (-4)/(-4) prime?
False
Suppose 1827 = 3*u - 1644. Is u a prime number?
False
Let n(l) be the first derivative of 8*l**2 - 9*l - 3. Is n(8) composite?
True
Let p = 58 - 21. Suppose 48 = 5*v - p. Suppose 5*k = -4*l + 206, -l + 4*k = -v - 24. Is l prime?
False
Let d = -4256 + 6777. Is d composite?
False
Suppose 3*q = -3*g + 4434, -3*g + q = 2301 - 6747. Is g a composite number?
False
Let p(g) be the second derivative of -g**5/10 - 5*g**4/12 + 2*g**3/3 + 3*g**2 - 3*g. Let n be p(-4). Suppose u + n = 3*u. Is u a prime number?
True
Let b(i) = i**2 - 1 - 10*i + 6 - 3. Let y be b(10). Is (y/2)/(1/23) prime?
True
Is (4/(-8))/((-2)/1172) a prime number?
True
Is 9/18 + (-1081)/(-2) composite?
False
Let w = -125 + 460. Is w a composite number?
True
Suppose 5 = b + 3. Let h(p) = -p**3 + 1 + 2*p - 9*p**b + 0 + 2*p + 3*p**3. Is h(6) prime?
False
Suppose 0 = 5*b - 452 - 10503. Is b prime?
False
Let s = -44 - -79. Let k = s - -58. Is k a composite number?
True
Let c(d) = -d**2 + 7*d + 1. Suppose -4*h + 2*h + 6 = 0. Is c(h) prime?
True
Suppose 3*h - 1773 = 3*c, -4*h = 3*c - 1490 - 909. Suppose 3*r = 7*r - h. Is r a prime number?
True
Let b = -5 + 9. Let x(w) = 25*w. Let p be x(-6). Is (-6)/12 - p/b composite?
False
Let y(z) = 27*z**2 + 19*z - 35. Is y(9) prime?
False
Is (5 - 2)*106/6 a composite number?
False
Is -422*(-9 + 4)/5 a prime number?
False
Suppose -a + 1266 = a. Suppose -a = -2*j - j. Is j prime?
True
Suppose -31 = 3*b - b + 5*g, -3*b + g = 4. Let k(u) = 55*u**2 - u - 1. Is k(b) composite?
True
Suppose 3*d + 5*i = 8375, 5*d + 2*i - 6808 = 7125. Is d a prime number?
False
Suppose -3*f = -m - 286, 3*f - 2*m - 3*m = 278. Let d = 253 - f. Is d a composite number?
False
Let z be (-21)/(-28) + 17/4. Let s(l) = 11*l + 4. Is s(z) composite?
False
Suppose -3*c - 4 = 2*l, -4*l = -9*l - 2*c + 12. Suppose -5 - 1 = -2*t - 3*b, 0 = 4*b + 16. Suppose l*m = t*m - 175. Is m a prime number?
False
Suppose 2 = 2*a - 0. Let y be 0 + 0 + a - 1. Suppose 0*w = c + 4*w - 103, y = -4*c + 4*w + 372. Is c prime?
False
Suppose 2*a + 2*a = 20. Suppose 346 = 2*d + a*q - q, q = 4*d - 647. Is d a prime number?
True
Let b = 547 - 132. Suppose 0 = -3*h - 2*h + b. Is h a prime number?
True
Suppose 4*a - 2*a + x = -5, a - 4*x - 11 = 0. Let k be ((-1)/(-2))/(a/(-332)). Let l = k + -111. Is l a prime number?
False
Suppose -92 = 7*a - 3*a. Let v = 0 - a. Is v prime?
True
Let d(l) = 2*l**2 + 2*l - 1. Let w = 6 - 2. Suppose -v - 3*v + w = 0. Is d(v) composite?
False
Let r = -5 - 7. Let x be 3/r + 117/4. Let z = x - -18. Is z a composite number?
False
Let u = -8 - -15. Is u a composite number?
False
Let o = 4875 - 3232. Is o a prime number?
False
Is 242 - -9*4/(-12) prime?
True
Suppose 8*i = 3*i - 25, 4*z - 228 = -4*i. Suppose 5*y - 78 - z = 0. Suppose -4*v - 2*r = -234, -v = 5*r - y - 44. Is v a prime number?
False
Let a be 114/4*4/6. Suppose 2*o - 15 = -5*d + a, -3 = -o + d. Suppose 60 = o*k - 3*k. Is k prime?
False
Let s(g) = -g**3 + 7*g**2 - 6*g + 7. Let n(i) = 19*i**2 + 2*i + 1. Let j be n(-1). Suppose -5*q + j = 4*u, 2*q - 12 = -q - 2*u. Is s(q) a prime number?
True
Let u(x) = -x**2 - 7*x - 2. Suppose 1 - 21 = 5*v. Let k be u(v). Is (-2 - 0)/((-2)/k) prime?
False
Let u = 1 - 0. Let l be (304/4)/(u + 0). Suppose -l = -4*f - 0*f. Is f prime?
True
Let q be (-2)/(-10) - 78/15. Let z(w) = -19*w**2 + 8*w + 12. Let v(c) = -9*c**2 + 4*c + 6. Let o(r) = -13*v(r) + 6*z(r). Is o(q) a prime number?
True
Let n be (-18)/(-99) + 8906/22. Let t = 616 - n. Is t prime?
True
Suppose 0 = -3*h - 2*l + 83, -h + 17 = -2*l - 0*l. Suppose -j + 42 = -h. Let t = 182 - j. Is t prime?
False
Let k be 48/10 - (-1)/5. Let i(s) = 25*s + 2. Is i(k) composite?
False
Let y be (-124)/(-10) + 8/(-20). Let s be ((-6)/4)/(y/208). Is s/(-4) - (-2)/4 a prime number?
True
Suppose n = 0, -k + 0*k + 177 = n. Suppose 3*f - k = 60. Is f a prime number?
True
Let d = -8 - 9. Is (-34)/d + (284 - -1) composite?
True
Suppose 2*m = -m - 24. Let q = 13 + m. Suppose 0 = -2*n + 7 + 1, q*b + 3*n = 47. Is b a composite number?
False
Suppose 0*p + 10 = 2*p, 3*s + p = 8. Let a = s - -2. Is -4*((-3)/2)/a prime?
True
Let o(x) = -39*x - 1. Let i be o(-3). Suppose -w + i = w. Is w a prime number?
False
Let h(i) = 2*i**3 + 5*i**2 + i - 5. Let x be h(4). Let p be 6/(-33) - x/11. Let v = p + 54. Is v a prime number?
False
Let q(m) = 7*m**3 + 13*m**2 - 13*m + 15. Let h(c) = 4*c**3 + 6*c**2 - 6*c + 7. Let a(g) = 9*h(g) - 4*q(g). Is a(2) prime?
True
Suppose i - 14 = -4*q, -2*i = -0*i + 4. Suppose -2*b - 30 = -q*b. Is b prime?
False
Suppose -g = -5*h + 15, 2*g = -g + h - 17. Is 38*(10/(-4))/g composite?
False
Let p = -25 - -62. Suppose -5*s - 78 = p. Let f = 54 + s. Is f a composite number?
False
Let j = -602 - -867. Is j a prime number?
False
Is (-337)/(-3 + 3 + -1) a prime number?
True
Let s = 37 + -19. Suppose 0 = -2*c + 4*c + 6, -s = 4*k + 2*c. Is -39*-1*k/(-9) prime?
True
Let k = -41 + 54. Is k a prime number?
True
Let p = -318 - -509. Is p prime?
True
Let u(i) = i**2 - i + 3725. Let x be u(0). Suppose 2*b - 7*b = -x. Is b pr